3 - 34*j**2 + 3*j - 1. Let n(q) = 14*b(q) + 3*t(q). Determine n(1).
-23
Let r = 21 + 6. Suppose 6 = r*u - 24*u. Let v be (-2)/2*(u - 3). Let p(h) = -4*h**3 + 2*h**2 - 1. Give p(v).
-3
Let o = -70 - -84. Suppose -10 = -6*h + o. Let z(j) = j - 3. Give z(h).
1
Let a = -12706 - -12723. Let q(s) = -s**3 + 19*s**2 - 33*s - 23. Give q(a).
-6
Let x(s) = -5 + 2 + 2 + 0. Let u(i) = -16*i**3 - 4*i + 6. Let a(h) = -16*h**3 - 6*h + 7. Let r(k) = -3*a(k) + 4*u(k). Let p(d) = -r(d) - 4*x(d). Determine p(1).
15
Let u(y) = 1095*y - 12040. Let i be u(11). Let c(n) = -39*n + 213. Calculate c(i).
18
Let i = -1 - 325. Let c = -194 - i. Let n(z) = z**2 - 132*z + 1 + c*z. Determine n(0).
1
Let v = 39 - 37. Suppose -3*i + 7*i + 2 = 2*o, -i = v*o - 17. Let q(z) = 2*z + 8. Determine q(o).
22
Suppose -b + 1 = -3. Suppose 6*t - b*t - 24 = 0. Let q be (-7)/2 - t/8. Let i(x) = -2*x**2 - 6*x + 7. Calculate i(q).
-13
Let b(k) = -3*k**2. Let x be b(-1). Let y(r) = 0*r - 4 - 8 + r + 4. Let l(w) = 4. Let h(c) = -5*l(c) - 2*y(c). Calculate h(x).
2
Suppose -18*z - 4*h = -19*z + 3, 0 = -2*z - h + 15. Let i(s) = -24 + s + 10 + z + 11. Calculate i(-2).
2
Let w be -2*(5 + -2 + -10). Let x(v) = -2*v**2 + 29*v - 4. What is x(w)?
10
Let k(g) be the second derivative of 3/4*g**4 + 0 + 75*g + 1/6*g**3 + 0*g**2. Let n be (1 + 0)*1/1. Calculate k(n).
10
Let p(c) = -c**3 + 2*c**2 + c. Let f be 25/(-4) - (-3)/12. Suppose 39*g + 1134 = -3*g. Let w be -4*(39/(-54) + f/g). Determine p(w).
2
Let j(o) = o**2 - 13*o - 26. Let u = 121 + -170. Let t = u - -64. Let q be j(t). Let r(c) = -c**2 + 6*c + 1. Determine r(q).
9
Let d(y) = -y**2 - 2*y - 1. Let i(h) = 3*h - 8 + 1 - 2*h - 3. Let l be i(6). Calculate d(l).
-9
Let y = 14236 - 14238. Let b(d) = -3*d**2 + 4*d. Let l(a) = -a**2 + 2*a. Let z(q) = -6*b(q) + 13*l(q). What is z(y)?
16
Let y be (-21)/(-15) + 30/50. Let z(h) = 7*h + 6*h + 0*h + h - 22*h. Calculate z(y).
-16
Let m(z) = 18*z - 2. Let b = 1689 - 1688. Determine m(b).
16
Suppose -23*p + 7 = -22*p - 2*b, -4*b = 4*p + 32. Let z(r) = 13*r + 67. Calculate z(p).
28
Suppose 0 = -15*x + 18*x - 246. Let y(n) = -159*n + 73*n + x*n - 6. Determine y(5).
-26
Let o = -320 + 171. Let i = 7 + 150. Let x = o + i. Let n(w) = -w**3 + 7*w**2 + 7*w + 3. Give n(x).
-5
Let w(z) = -10*z + 136*z - 5*z**2 - 84 - 86 - z**3 - 87 + 251. Determine w(9).
-6
Suppose -5*o + 5*x + 0 = -5, x + 10 = 4*o. Suppose h + r - 12 = 0, -o*h - 5*r = -27 - 11. Let f(i) = 3*i**2 - h*i**2 + 12*i**2 + 5 + i**3. What is f(-4)?
5
Let k(f) = -f**3 - 10*f**2 - 7. Let q(o) = -2*o**3 - 20*o**2 - 46*o + 3. Let h be q(-6). Give k(h).
-88
Let v = 15304 - 15306. Let j(a) = -a**2 - a. Let y be j(-1). Let n(s) = y*s - 1 + s + 2. Give n(v).
-1
Let b = -1 + 1. Let q(t) = -t**2 + 38*t - 350. Let w be q(16). Let s(p) = -25*p**2 - 14*p**2 - 9 + 38*p**w. Calculate s(b).
-9
Suppose -2*t - 3*t + 22 = -3*l, 0 = -2*l - 4*t + 22. Let h be (((-42)/(-18))/(-7))/((-2)/6). Let g(x) = h - 15*x - 16*x + 2*x + 13*x. What is g(l)?
-15
Let l(w) = -w**2 + 14*w - 37. Let v(c) = -4*c**2 + 107*c - 333. Let o be v(23). Determine l(o).
-13
Suppose 2*m = -5*i + 21, -2*m + 4 = -2. Let g(k) be the third derivative of k**6/120 - k**5/15 + k**4/24 + 2*k**3/3 - 9522*k**2. Give g(i).
-2
Suppose 0 = 11*g + 246 - 312. Suppose -g*d + 12*d = -12. Let p(n) = -2*n**2 + 1. Determine p(d).
-7
Let w = 19 - 17. Let m(v) = -70*v**2 + 2*v - 2 + 72*v**w - 2*v. Let d(t) = -9*t**2 + t + 11. Let a(f) = -2*d(f) - 11*m(f). What is a(-2)?
-12
Let k(o) = o**3 - o**2 - 5*o + 9. Let l be k(3). Let q be (-4)/6 - 16/l. Let u(a) = -8*a. What is u(q)?
16
Suppose -2*n + 58 + 42 = 0. Let c(r) = -n + 13 - 8*r - 4*r + 31. Calculate c(-4).
42
Let t(s) = -45*s + 129. Let x be (588/(-24) - -22)*(1/(-5) - 1). Determine t(x).
-6
Let j(a) = a**3 - 12*a**2 + 10*a + 3. Let v(c) = c**3 + 32*c**2 - 12*c - 374. Let b be v(-32). Give j(b).
-97
Let w(o) = -o**2 + o + 5. Let f be w(0). Let t(m) be the first derivative of -5/2*m**2 - 4/3*m**3 + 49 - m + 1/4*m**4. What is t(f)?
-1
Let b = -5604 + 5611. Let d(j) = 5*j - 29. Determine d(b).
6
Let s(x) = -19*x**2 - 50*x + 50. Let n(i) = -134*i + 21709. Let j be n(162). What is s(j)?
-19
Let i(m) = m**2 + 10*m - 5. Let g(o) = -2*o**3 + 2*o**2 + 3*o + 1. Let s be g(-1). Let b be (-4)/(-10) - ((-124)/(-10) - s). Give i(b).
-5
Let b(s) = -4*s + 10 - 1 + 3*s + 5. Let z be b(22). Let r be z/6 - (-273)/63. Let a(y) = y**2 - 3*y - 1. Determine a(r).
-1
Suppose h + 25 = -4*h. Let a(v) = 41*v**2 - 302*v + 45. Let x(q) = -12*q**2 + 88*q - 13. Let c(b) = -7*a(b) - 24*x(b). Calculate c(h).
12
Let o(n) = 3*n**3 - 8*n**2 - 9*n. Let q be o(-1). Let u(z) = 30*z + 56. What is u(q)?
-4
Let o(i) = 2*i + 17. Let g(k) = k + 17. Let r(l) = 4*g(l) - 3*o(l). Let w = 7669 + -7658. What is r(w)?
-5
Let r(k) = -k**3 + 5*k**2 + k - 5. Suppose -4*s = 11*s - 240. Suppose s*u - 2*u = 70. What is r(u)?
0
Let t(k) = -2*k**3 + 19*k**2 + 16*k - 50. Suppose 120 = 71*a - 59*a. What is t(a)?
10
Let k(y) = -10*y - 49. Let c be (20/7 - 4)*(-4)/(-32)*28. Calculate k(c).
-9
Let a(s) be the third derivative of -s**4/12 - 52*s**3/3 + 107*s**2 + 20*s. Give a(-25).
-54
Let m(p) = p**2 + 6*p - 3. Let q be (2 + -3)/(-1)*5. Let f(w) = -6*w**3 - 119*w**2 + 20*w - 11. Let d be f(-20). Let b = d + q. Give m(b).
-3
Let s(g) = g + 4. Suppose 4*l - 252 = -2*l. Suppose 14*y = 84 + l. What is s(y)?
13
Let r(a) = -a**3 - 22*a**2 - 47*a - 532. Let v be r(-21). Let h(g) be the first derivative of -1/2*g**2 - v - g. What is h(-5)?
4
Let c(v) = -8 - 4*v - 114 + 101. Calculate c(-7).
7
Let l = 14 + -5. Let x(s) be the third derivative of s**4/24 + 3*s**3/2 - 58885*s**2. Give x(l).
18
Suppose -3*l - 4*x = 25, 2*x = l + 3*x + 8. Let b(i) be the first derivative of -i**3/3 - 2*i**2 + 8*i + 151. Determine b(l).
-13
Let d(g) be the third derivative of g**7/2520 + 7*g**6/720 - g**5/30 - g**4 - 21*g**2. Let b(y) be the second derivative of d(y). What is b(-8)?
4
Suppose 115*n + 1113 - 2729 = -1271. Let t(s) = 3*s**2 + 7*s - 7. Let j(r) = -4*r**2 - 10*r + 10. Let y(a) = -5*j(a) - 7*t(a). What is y(n)?
-7
Let x(h) = 6*h - 12. Let d(t) = 0 - 2 - 2 + 5*t - 8. Let q(c) = 4*d(c) - 3*x(c). Give q(0).
-12
Suppose 27*f = 1111 + 779. Let m(p) = 5*p - 80*p**2 - 1 - 1 + 219*p**2 + p**3 - f*p**2 - 77*p**2. Determine m(6).
-44
Let y(d) = 40*d**2 - 3*d + 6. Let w(k) = -47*k**2 + 3*k - 6. Let r(f) = -6*w(f) - 7*y(f). Calculate r(4).
38
Let q(t) be the second derivative of t**6/120 - t**5/15 - 5*t**4/24 + 2*t**3/3 - 23*t**2 - 33*t. Let p(l) be the first derivative of q(l). Calculate p(5).
4
Let w(v) = -4*v**3 - v**2 + 13*v. Let c(o) = -3*o**3 - 2*o**2 + 10*o - 1. Let p(f) = -3*c(f) + 2*w(f). Determine p(2).
19
Suppose -247 = -3*n - 217. Suppose -n*t = -5*g - 13*t - 28, -4*g + 3*t = 17. Let j(l) be the first derivative of -l**2/2 - 4*l + 1. Calculate j(g).
1
Let l(t) be the first derivative of t**4/4 + 5*t**3/3 - 7*t**2/2 + 2*t - 15. Let z be l(-6). Let c(y) = 6*y - 6 - y - z*y. Give c(-4).
6
Let d(s) = -s**2 + 4*s - 1. Let b(t) = 2*t**3 + t**2 - 2*t + 1. Let p = 27 - 20. Suppose 6 = 3*r - 2*u - 1, -5*r + u + p = 0. Let q be b(r). Calculate d(q).
3
Let o(k) = 16*k**3 - k**2 - 2*k + 5. Let y be o(2). Let q = y - 104. Let j(s) = 20 + s - 23 - s**2 + q. What is j(0)?
18
Suppose 2*d - 12 - 2 = 3*k, 5*k = -5*d - 40. Let m = 49 - 40. Let i(p) = -6*p + m - p**3 - 2 - 12*p**2 + 0*p + 5*p**2. Calculate i(k).
7
Let z(u) = u + 3. Let q be z(2). Let m = q + -6. Let x(c) be the first derivative of 3*c**2/2 + c + 50. Give x(m).
-2
Let q(r) be the first derivative of -r**4/4 - 3*r**3 - 2*r - 1297. Let v be (-51)/6 - 3/6. Give q(v).
-2
Let v(o) = o**3 + 5*o**2 - 7*o - 2. Let b(g) = -g + 73 + 4*g - 2*g - 2*g. Let j be b(0). Let r = 67 - j. What is v(r)?
4
Let w = -180 - -175. Let n(x) be the second derivative of -x**3 - x**2 + 282*x. Determine n(w).
28
Let p(l) = -34*l**2. Let n(o) = 10*o + 30. Let x be n(-5). Let d = x + 21. Give p(d).
-34
Let p(z) = -4*z + 56. Let f(m) = -13*m + 169. Let s(l) = f(l) - 3*p(l). Let k(x) = -x - 3. Let a be k(-7). Give s(a).
-3
Let t(d) = -2*d**3 - 58*d**2 + 3*d + 74. Let l be t(-29). Let n(i) = -i**2 - 15*i + 34. What is n(l)?
60
Suppose -27*a + 265 + 50 = -90*a. Let c(l) = 9*l + 45. Calculate c(a).
0
Let o = -2429 - -2423. Let w(g) = -10. Let l(i)